{"id":7,"date":"2020-04-30T11:09:37","date_gmt":"2020-04-30T09:09:37","guid":{"rendered":"http:\/\/dmrxzze.cluster028.hosting.ovh.net\/?page_id=7"},"modified":"2024-01-08T10:10:39","modified_gmt":"2024-01-08T09:10:39","slug":"portfolios","status":"publish","type":"page","link":"https:\/\/www.pablovasquez.com\/index.php\/portfolios\/","title":{"rendered":"illustration"},"content":{"rendered":"\n<p class=\"has-text-align-center\" style=\"font-size:26px\">contes et r\u00eaves, mondes imaginaires et personnages fantastiques<\/p>\n\n\n\n<p class=\"has-text-align-center\" style=\"font-size:16px\">Amoureux des contes et des l\u00e9gendes, mon domaine de pr\u00e9dilection est celui du fantastique. Pour affronter la morosit\u00e9 du quotidien et l&rsquo;absurdit\u00e9 du monde, j&rsquo;aime cr\u00e9er des univers imaginaires, en essayant d&rsquo;utiliser chaque image comme une nouvelle occasion de conter une histoire.<\/p>\n\n\n\n<p class=\"has-text-align-center\" style=\"font-size:19px\">Mes derniers livres illustr\u00e9s :<\/p>\n\n\n\n<figure class=\"wp-block-gallery alignwide has-nested-images columns-default is-cropped has-pale-ocean-gradient-background has-background wp-block-gallery-1 is-layout-flex wp-block-gallery-is-layout-flex\">\n<figure class=\"wp-block-image size-full\"><a href=\"https:\/\/www.pablovasquez.com\/index.php\/produit\/la-petite-pousse\/\"><img loading=\"lazy\" decoding=\"async\" width=\"781\" height=\"338\" data-id=\"628\" src=\"https:\/\/www.pablovasquez.com\/wp-content\/uploads\/2024\/01\/Vignettes-La-Petite-Pousse.png\" alt=\"\" class=\"wp-image-628\" srcset=\"https:\/\/www.pablovasquez.com\/wp-content\/uploads\/2024\/01\/Vignettes-La-Petite-Pousse.png 781w, https:\/\/www.pablovasquez.com\/wp-content\/uploads\/2024\/01\/Vignettes-La-Petite-Pousse-300x130.png 300w, https:\/\/www.pablovasquez.com\/wp-content\/uploads\/2024\/01\/Vignettes-La-Petite-Pousse-768x332.png 768w, https:\/\/www.pablovasquez.com\/wp-content\/uploads\/2024\/01\/Vignettes-La-Petite-Pousse-230x100.png 230w, https:\/\/www.pablovasquez.com\/wp-content\/uploads\/2024\/01\/Vignettes-La-Petite-Pousse-600x260.png 600w\" sizes=\"auto, (max-width: 781px) 100vw, 781px\" \/><\/a><\/figure>\n\n\n\n<figure class=\"wp-block-image size-full\"><a href=\"https:\/\/fr.ulule.com\/livre-elea-voisine\/\"><img loading=\"lazy\" decoding=\"async\" width=\"781\" height=\"338\" data-id=\"627\" src=\"https:\/\/www.pablovasquez.com\/wp-content\/uploads\/2024\/01\/Vignettes-Elea-voisine.png\" alt=\"\" class=\"wp-image-627\" srcset=\"https:\/\/www.pablovasquez.com\/wp-content\/uploads\/2024\/01\/Vignettes-Elea-voisine.png 781w, https:\/\/www.pablovasquez.com\/wp-content\/uploads\/2024\/01\/Vignettes-Elea-voisine-300x130.png 300w, https:\/\/www.pablovasquez.com\/wp-content\/uploads\/2024\/01\/Vignettes-Elea-voisine-768x332.png 768w, https:\/\/www.pablovasquez.com\/wp-content\/uploads\/2024\/01\/Vignettes-Elea-voisine-230x100.png 230w, https:\/\/www.pablovasquez.com\/wp-content\/uploads\/2024\/01\/Vignettes-Elea-voisine-600x260.png 600w\" sizes=\"auto, (max-width: 781px) 100vw, 781px\" \/><\/a><\/figure>\n\n\n\n<figure class=\"wp-block-image size-full\"><a href=\"https:\/\/www.pablovasquez.com\/index.php\/produit\/30-lutins\/\"><img loading=\"lazy\" decoding=\"async\" width=\"781\" height=\"338\" data-id=\"626\" src=\"https:\/\/www.pablovasquez.com\/wp-content\/uploads\/2024\/01\/Vignettes-Livres-30-Lutins.png\" alt=\"\" class=\"wp-image-626\" srcset=\"https:\/\/www.pablovasquez.com\/wp-content\/uploads\/2024\/01\/Vignettes-Livres-30-Lutins.png 781w, https:\/\/www.pablovasquez.com\/wp-content\/uploads\/2024\/01\/Vignettes-Livres-30-Lutins-300x130.png 300w, https:\/\/www.pablovasquez.com\/wp-content\/uploads\/2024\/01\/Vignettes-Livres-30-Lutins-768x332.png 768w, https:\/\/www.pablovasquez.com\/wp-content\/uploads\/2024\/01\/Vignettes-Livres-30-Lutins-230x100.png 230w, https:\/\/www.pablovasquez.com\/wp-content\/uploads\/2024\/01\/Vignettes-Livres-30-Lutins-600x260.png 600w\" sizes=\"auto, (max-width: 781px) 100vw, 781px\" \/><\/a><\/figure>\n<\/figure>\n\n\n\n<p class=\"has-text-align-center\" style=\"font-size:19px\">quelques une de mes derni\u00e8res illustrations<\/p>\n\n\n\n<div class=\"wp-block-jetpack-tiled-gallery alignfull is-style-columns\"><div class=\"tiled-gallery__gallery\"><div class=\"tiled-gallery__row\"><div class=\"tiled-gallery__col\" style=\"flex-basis:25.86830%\"><figure class=\"tiled-gallery__item\"><img decoding=\"async\" alt=\"\" data-id=\"616\" data-link=\"https:\/\/www.pablovasquez.com\/index.php\/portfolios\/illustration-2024-carte-voeux-pablo-vasquez\/\" data-url=\"https:\/\/www.pablovasquez.com\/wp-content\/uploads\/2024\/01\/illustration-2024-Carte-Voeux-Pablo-Vasquez-596x1024.jpg\" src=\"https:\/\/www.pablovasquez.com\/wp-content\/uploads\/2024\/01\/illustration-2024-Carte-Voeux-Pablo-Vasquez-596x1024.jpg\" data-amp-layout=\"responsive\"\/><\/figure><figure class=\"tiled-gallery__item\"><img decoding=\"async\" srcset=\"https:\/\/i1.wp.com\/www.pablovasquez.com\/wp-content\/uploads\/2024\/01\/illustration-maison-bonhomme-neige-Pablo-Vasquez-724x1024.jpg?strip=info&#038;w=600&#038;ssl=1 600w,https:\/\/i1.wp.com\/www.pablovasquez.com\/wp-content\/uploads\/2024\/01\/illustration-maison-bonhomme-neige-Pablo-Vasquez-724x1024.jpg?strip=info&#038;w=900&#038;ssl=1 900w,https:\/\/i1.wp.com\/www.pablovasquez.com\/wp-content\/uploads\/2024\/01\/illustration-maison-bonhomme-neige-Pablo-Vasquez-724x1024.jpg?strip=info&#038;w=1000&#038;ssl=1 1000w\" alt=\"\" data-height=\"1415\" data-id=\"622\" data-link=\"https:\/\/www.pablovasquez.com\/index.php\/portfolios\/illustration-maison-bonhomme-neige-pablo-vasquez\/\" data-url=\"https:\/\/www.pablovasquez.com\/wp-content\/uploads\/2024\/01\/illustration-maison-bonhomme-neige-Pablo-Vasquez-724x1024.jpg\" data-width=\"1000\" src=\"https:\/\/i1.wp.com\/www.pablovasquez.com\/wp-content\/uploads\/2024\/01\/illustration-maison-bonhomme-neige-Pablo-Vasquez-724x1024.jpg?ssl=1\" data-amp-layout=\"responsive\"\/><\/figure><figure class=\"tiled-gallery__item\"><img decoding=\"async\" srcset=\"https:\/\/i0.wp.com\/www.pablovasquez.com\/wp-content\/uploads\/2020\/05\/illustration-voeux-carte-Trotteuse-Bonne-Annee-Le-Pueblo.png?strip=info&#038;w=600&#038;ssl=1 600w,https:\/\/i0.wp.com\/www.pablovasquez.com\/wp-content\/uploads\/2020\/05\/illustration-voeux-carte-Trotteuse-Bonne-Annee-Le-Pueblo.png?strip=info&#038;w=689&#038;ssl=1 689w\" alt=\"\" data-height=\"913\" data-id=\"248\" data-link=\"https:\/\/www.pablovasquez.com\/index.php\/portfolios\/illustration-voeux-carte-trotteuse-bonne-annee-le-pueblo\/\" data-url=\"https:\/\/www.pablovasquez.com\/wp-content\/uploads\/2020\/05\/illustration-voeux-carte-Trotteuse-Bonne-Annee-Le-Pueblo.png\" data-width=\"689\" src=\"https:\/\/i0.wp.com\/www.pablovasquez.com\/wp-content\/uploads\/2020\/05\/illustration-voeux-carte-Trotteuse-Bonne-Annee-Le-Pueblo.png?ssl=1\" data-amp-layout=\"responsive\"\/><\/figure><figure class=\"tiled-gallery__item\"><img decoding=\"async\" srcset=\"https:\/\/i0.wp.com\/www.pablovasquez.com\/wp-content\/uploads\/2020\/04\/Inktober-Joy.03.vertical.web_.jpg?strip=info&#038;w=600&#038;ssl=1 600w\" alt=\"\" data-height=\"854\" data-id=\"19\" data-link=\"https:\/\/www.pablovasquez.com\/index.php\/accueil\/inktober-joy-03-vertical-web\/\" data-url=\"https:\/\/www.pablovasquez.com\/wp-content\/uploads\/2020\/04\/Inktober-Joy.03.vertical.web_.jpg\" data-width=\"600\" src=\"https:\/\/i0.wp.com\/www.pablovasquez.com\/wp-content\/uploads\/2020\/04\/Inktober-Joy.03.vertical.web_.jpg?ssl=1\" data-amp-layout=\"responsive\"\/><\/figure><figure class=\"tiled-gallery__item\"><img decoding=\"async\" srcset=\"https:\/\/i0.wp.com\/www.pablovasquez.com\/wp-content\/uploads\/2024\/01\/illustration-roi-conte-Ekufal-vent-Pablo-Vasquez-780x1024.jpg?strip=info&#038;w=600&#038;ssl=1 600w,https:\/\/i0.wp.com\/www.pablovasquez.com\/wp-content\/uploads\/2024\/01\/illustration-roi-conte-Ekufal-vent-Pablo-Vasquez-780x1024.jpg?strip=info&#038;w=900&#038;ssl=1 900w,https:\/\/i0.wp.com\/www.pablovasquez.com\/wp-content\/uploads\/2024\/01\/illustration-roi-conte-Ekufal-vent-Pablo-Vasquez-780x1024.jpg?strip=info&#038;w=1000&#038;ssl=1 1000w\" alt=\"\" data-height=\"1312\" data-id=\"617\" data-link=\"https:\/\/www.pablovasquez.com\/index.php\/portfolios\/illustration-roi-conte-ekufal-vent-pablo-vasquez\/\" data-url=\"https:\/\/www.pablovasquez.com\/wp-content\/uploads\/2024\/01\/illustration-roi-conte-Ekufal-vent-Pablo-Vasquez-780x1024.jpg\" data-width=\"1000\" src=\"https:\/\/i0.wp.com\/www.pablovasquez.com\/wp-content\/uploads\/2024\/01\/illustration-roi-conte-Ekufal-vent-Pablo-Vasquez-780x1024.jpg?ssl=1\" data-amp-layout=\"responsive\"\/><\/figure><figure class=\"tiled-gallery__item\"><img decoding=\"async\" srcset=\"https:\/\/i2.wp.com\/www.pablovasquez.com\/wp-content\/uploads\/2024\/01\/illustration-foret-trefle-magie-conte-Pablo-Vasquez-744x1024.jpg?strip=info&#038;w=600&#038;ssl=1 600w,https:\/\/i2.wp.com\/www.pablovasquez.com\/wp-content\/uploads\/2024\/01\/illustration-foret-trefle-magie-conte-Pablo-Vasquez-744x1024.jpg?strip=info&#038;w=900&#038;ssl=1 900w,https:\/\/i2.wp.com\/www.pablovasquez.com\/wp-content\/uploads\/2024\/01\/illustration-foret-trefle-magie-conte-Pablo-Vasquez-744x1024.jpg?strip=info&#038;w=1000&#038;ssl=1 1000w\" alt=\"\" data-height=\"1377\" data-id=\"615\" data-link=\"https:\/\/www.pablovasquez.com\/index.php\/portfolios\/illustration-foret-trefle-magie-conte-pablo-vasquez\/\" data-url=\"https:\/\/www.pablovasquez.com\/wp-content\/uploads\/2024\/01\/illustration-foret-trefle-magie-conte-Pablo-Vasquez-744x1024.jpg\" data-width=\"1000\" src=\"https:\/\/i2.wp.com\/www.pablovasquez.com\/wp-content\/uploads\/2024\/01\/illustration-foret-trefle-magie-conte-Pablo-Vasquez-744x1024.jpg?ssl=1\" data-amp-layout=\"responsive\"\/><\/figure><figure class=\"tiled-gallery__item\"><img decoding=\"async\" srcset=\"https:\/\/i1.wp.com\/www.pablovasquez.com\/wp-content\/uploads\/2020\/04\/Reveur-vert-Color-300.02.web_-696x1024.jpg?strip=info&#038;w=600&#038;ssl=1 600w,https:\/\/i1.wp.com\/www.pablovasquez.com\/wp-content\/uploads\/2020\/04\/Reveur-vert-Color-300.02.web_-696x1024.jpg?strip=info&#038;w=700&#038;ssl=1 700w\" alt=\"\" data-height=\"1030\" data-id=\"18\" data-link=\"https:\/\/www.pablovasquez.com\/index.php\/accueil\/reveur-vert-color-300-02-web\/\" data-url=\"https:\/\/www.pablovasquez.com\/wp-content\/uploads\/2020\/04\/Reveur-vert-Color-300.02.web_-696x1024.jpg\" data-width=\"700\" src=\"https:\/\/i1.wp.com\/www.pablovasquez.com\/wp-content\/uploads\/2020\/04\/Reveur-vert-Color-300.02.web_-696x1024.jpg?ssl=1\" data-amp-layout=\"responsive\"\/><\/figure><\/div><div class=\"tiled-gallery__col\" style=\"flex-basis:35.06891%\"><figure class=\"tiled-gallery__item\"><img decoding=\"async\" srcset=\"https:\/\/i1.wp.com\/www.pablovasquez.com\/wp-content\/uploads\/2024\/01\/illustration-chateau-grenouille-grapeau-Pablo-Vasquez-724x1024.jpg?strip=info&#038;w=600&#038;ssl=1 600w,https:\/\/i1.wp.com\/www.pablovasquez.com\/wp-content\/uploads\/2024\/01\/illustration-chateau-grenouille-grapeau-Pablo-Vasquez-724x1024.jpg?strip=info&#038;w=900&#038;ssl=1 900w,https:\/\/i1.wp.com\/www.pablovasquez.com\/wp-content\/uploads\/2024\/01\/illustration-chateau-grenouille-grapeau-Pablo-Vasquez-724x1024.jpg?strip=info&#038;w=1000&#038;ssl=1 1000w\" alt=\"\" data-height=\"1414\" data-id=\"614\" data-link=\"https:\/\/www.pablovasquez.com\/index.php\/portfolios\/illustration-chateau-grenouille-grapeau-pablo-vasquez\/\" data-url=\"https:\/\/www.pablovasquez.com\/wp-content\/uploads\/2024\/01\/illustration-chateau-grenouille-grapeau-Pablo-Vasquez-724x1024.jpg\" data-width=\"1000\" src=\"https:\/\/i1.wp.com\/www.pablovasquez.com\/wp-content\/uploads\/2024\/01\/illustration-chateau-grenouille-grapeau-Pablo-Vasquez-724x1024.jpg?ssl=1\" data-amp-layout=\"responsive\"\/><\/figure><figure class=\"tiled-gallery__item\"><img decoding=\"async\" srcset=\"https:\/\/i2.wp.com\/www.pablovasquez.com\/wp-content\/uploads\/2020\/04\/Goldfish-House-300-02.web_.jpg?strip=info&#038;w=600&#038;ssl=1 600w,https:\/\/i2.wp.com\/www.pablovasquez.com\/wp-content\/uploads\/2020\/04\/Goldfish-House-300-02.web_.jpg?strip=info&#038;w=700&#038;ssl=1 700w\" alt=\"\" data-height=\"977\" data-id=\"17\" data-link=\"https:\/\/www.pablovasquez.com\/index.php\/accueil\/goldfish-house-300-02-web\/\" data-url=\"https:\/\/www.pablovasquez.com\/wp-content\/uploads\/2020\/04\/Goldfish-House-300-02.web_.jpg\" data-width=\"700\" src=\"https:\/\/i2.wp.com\/www.pablovasquez.com\/wp-content\/uploads\/2020\/04\/Goldfish-House-300-02.web_.jpg?ssl=1\" data-amp-layout=\"responsive\"\/><\/figure><figure class=\"tiled-gallery__item\"><img decoding=\"async\" srcset=\"https:\/\/i1.wp.com\/www.pablovasquez.com\/wp-content\/uploads\/2020\/05\/illustration-Captain-Elephant-Pablo-Vasquez-LePueblo.jpg?strip=info&#038;w=600&#038;ssl=1 600w,https:\/\/i1.wp.com\/www.pablovasquez.com\/wp-content\/uploads\/2020\/05\/illustration-Captain-Elephant-Pablo-Vasquez-LePueblo.jpg?strip=info&#038;w=716&#038;ssl=1 716w\" alt=\"\" data-height=\"900\" data-id=\"249\" data-link=\"https:\/\/www.pablovasquez.com\/index.php\/portfolios\/illustration-captain-elephant-pablo-vasquez-lepueblo\/\" data-url=\"https:\/\/www.pablovasquez.com\/wp-content\/uploads\/2020\/05\/illustration-Captain-Elephant-Pablo-Vasquez-LePueblo.jpg\" data-width=\"716\" src=\"https:\/\/i1.wp.com\/www.pablovasquez.com\/wp-content\/uploads\/2020\/05\/illustration-Captain-Elephant-Pablo-Vasquez-LePueblo.jpg?ssl=1\" data-amp-layout=\"responsive\"\/><\/figure><figure class=\"tiled-gallery__item\"><img decoding=\"async\" srcset=\"https:\/\/i1.wp.com\/www.pablovasquez.com\/wp-content\/uploads\/2020\/05\/illustration-Lux-lecture-LePueblo-Pablo-Vasquez-1024x724.jpg?strip=info&#038;w=600&#038;ssl=1 600w,https:\/\/i1.wp.com\/www.pablovasquez.com\/wp-content\/uploads\/2020\/05\/illustration-Lux-lecture-LePueblo-Pablo-Vasquez-1024x724.jpg?strip=info&#038;w=900&#038;ssl=1 900w,https:\/\/i1.wp.com\/www.pablovasquez.com\/wp-content\/uploads\/2020\/05\/illustration-Lux-lecture-LePueblo-Pablo-Vasquez-1024x724.jpg?strip=info&#038;w=1200&#038;ssl=1 1200w,https:\/\/i1.wp.com\/www.pablovasquez.com\/wp-content\/uploads\/2020\/05\/illustration-Lux-lecture-LePueblo-Pablo-Vasquez-1024x724.jpg?strip=info&#038;w=1500&#038;ssl=1 1500w\" alt=\"\" data-height=\"1060\" data-id=\"242\" data-link=\"https:\/\/www.pablovasquez.com\/index.php\/portfolios\/illustration-lux-lecture-lepueblo-pablo-vasquez\/\" data-url=\"https:\/\/www.pablovasquez.com\/wp-content\/uploads\/2020\/05\/illustration-Lux-lecture-LePueblo-Pablo-Vasquez-1024x724.jpg\" data-width=\"1500\" src=\"https:\/\/i1.wp.com\/www.pablovasquez.com\/wp-content\/uploads\/2020\/05\/illustration-Lux-lecture-LePueblo-Pablo-Vasquez-1024x724.jpg?ssl=1\" data-amp-layout=\"responsive\"\/><\/figure><figure class=\"tiled-gallery__item\"><img decoding=\"async\" srcset=\"https:\/\/i1.wp.com\/www.pablovasquez.com\/wp-content\/uploads\/2020\/05\/illustration-Maison-Nuage-Chat-rpentier-LePueblo.jpg?strip=info&#038;w=600&#038;ssl=1 600w,https:\/\/i1.wp.com\/www.pablovasquez.com\/wp-content\/uploads\/2020\/05\/illustration-Maison-Nuage-Chat-rpentier-LePueblo.jpg?strip=info&#038;w=650&#038;ssl=1 650w\" alt=\"\" data-height=\"900\" data-id=\"243\" data-link=\"https:\/\/www.pablovasquez.com\/index.php\/portfolios\/illustration-maison-nuage-chat-rpentier-lepueblo\/\" data-url=\"https:\/\/www.pablovasquez.com\/wp-content\/uploads\/2020\/05\/illustration-Maison-Nuage-Chat-rpentier-LePueblo.jpg\" data-width=\"650\" src=\"https:\/\/i1.wp.com\/www.pablovasquez.com\/wp-content\/uploads\/2020\/05\/illustration-Maison-Nuage-Chat-rpentier-LePueblo.jpg?ssl=1\" data-amp-layout=\"responsive\"\/><\/figure><figure class=\"tiled-gallery__item\"><img decoding=\"async\" srcset=\"https:\/\/i2.wp.com\/www.pablovasquez.com\/wp-content\/uploads\/2020\/05\/illustration-Princess-Prince-Turtle-Le-Pueblo-1024x724.jpg?strip=info&#038;w=600&#038;ssl=1 600w,https:\/\/i2.wp.com\/www.pablovasquez.com\/wp-content\/uploads\/2020\/05\/illustration-Princess-Prince-Turtle-Le-Pueblo-1024x724.jpg?strip=info&#038;w=900&#038;ssl=1 900w,https:\/\/i2.wp.com\/www.pablovasquez.com\/wp-content\/uploads\/2020\/05\/illustration-Princess-Prince-Turtle-Le-Pueblo-1024x724.jpg?strip=info&#038;w=1200&#038;ssl=1 1200w,https:\/\/i2.wp.com\/www.pablovasquez.com\/wp-content\/uploads\/2020\/05\/illustration-Princess-Prince-Turtle-Le-Pueblo-1024x724.jpg?strip=info&#038;w=1414&#038;ssl=1 1414w\" alt=\"\" data-height=\"1000\" data-id=\"247\" data-link=\"https:\/\/www.pablovasquez.com\/index.php\/portfolios\/illustration-princess-prince-turtle-le-pueblo\/\" data-url=\"https:\/\/www.pablovasquez.com\/wp-content\/uploads\/2020\/05\/illustration-Princess-Prince-Turtle-Le-Pueblo-1024x724.jpg\" data-width=\"1414\" src=\"https:\/\/i2.wp.com\/www.pablovasquez.com\/wp-content\/uploads\/2020\/05\/illustration-Princess-Prince-Turtle-Le-Pueblo-1024x724.jpg?ssl=1\" data-amp-layout=\"responsive\"\/><\/figure><\/div><div class=\"tiled-gallery__col\" style=\"flex-basis:39.06280%\"><figure class=\"tiled-gallery__item\"><img decoding=\"async\" srcset=\"https:\/\/i2.wp.com\/www.pablovasquez.com\/wp-content\/uploads\/2024\/01\/illustration-lutins-rayures-aquarelle-Pablo-Vasquez-768x1024.jpg?strip=info&#038;w=600&#038;ssl=1 600w,https:\/\/i2.wp.com\/www.pablovasquez.com\/wp-content\/uploads\/2024\/01\/illustration-lutins-rayures-aquarelle-Pablo-Vasquez-768x1024.jpg?strip=info&#038;w=900&#038;ssl=1 900w,https:\/\/i2.wp.com\/www.pablovasquez.com\/wp-content\/uploads\/2024\/01\/illustration-lutins-rayures-aquarelle-Pablo-Vasquez-768x1024.jpg?strip=info&#038;w=1000&#038;ssl=1 1000w\" alt=\"\" data-height=\"1333\" data-id=\"632\" data-link=\"https:\/\/www.pablovasquez.com\/index.php\/portfolios\/illustration-lutins-rayures-aquarelle-pablo-vasquez\/\" data-url=\"https:\/\/www.pablovasquez.com\/wp-content\/uploads\/2024\/01\/illustration-lutins-rayures-aquarelle-Pablo-Vasquez-768x1024.jpg\" data-width=\"1000\" src=\"https:\/\/i2.wp.com\/www.pablovasquez.com\/wp-content\/uploads\/2024\/01\/illustration-lutins-rayures-aquarelle-Pablo-Vasquez-768x1024.jpg?ssl=1\" data-amp-layout=\"responsive\"\/><\/figure><figure class=\"tiled-gallery__item\"><img decoding=\"async\" srcset=\"https:\/\/i0.wp.com\/www.pablovasquez.com\/wp-content\/uploads\/2020\/05\/illustration-facteur-courrier-arbre-boite-lettres-arbre-Le-Pueblo-724x1024.jpg?strip=info&#038;w=600&#038;ssl=1 600w,https:\/\/i0.wp.com\/www.pablovasquez.com\/wp-content\/uploads\/2020\/05\/illustration-facteur-courrier-arbre-boite-lettres-arbre-Le-Pueblo-724x1024.jpg?strip=info&#038;w=800&#038;ssl=1 800w\" alt=\"\" data-height=\"1132\" data-id=\"238\" data-link=\"https:\/\/www.pablovasquez.com\/index.php\/portfolios\/illustration-facteur-courrier-arbre-boite-lettres-arbre-le-pueblo\/\" data-url=\"https:\/\/www.pablovasquez.com\/wp-content\/uploads\/2020\/05\/illustration-facteur-courrier-arbre-boite-lettres-arbre-Le-Pueblo-724x1024.jpg\" data-width=\"800\" src=\"https:\/\/i0.wp.com\/www.pablovasquez.com\/wp-content\/uploads\/2020\/05\/illustration-facteur-courrier-arbre-boite-lettres-arbre-Le-Pueblo-724x1024.jpg?ssl=1\" data-amp-layout=\"responsive\"\/><\/figure><figure class=\"tiled-gallery__item\"><img decoding=\"async\" srcset=\"https:\/\/i2.wp.com\/www.pablovasquez.com\/wp-content\/uploads\/2020\/05\/illustration-musique-instrument-saxophone-trombone-fille-Le-Pueblo-1024x724.png?strip=info&#038;w=600&#038;ssl=1 600w,https:\/\/i2.wp.com\/www.pablovasquez.com\/wp-content\/uploads\/2020\/05\/illustration-musique-instrument-saxophone-trombone-fille-Le-Pueblo-1024x724.png?strip=info&#038;w=900&#038;ssl=1 900w,https:\/\/i2.wp.com\/www.pablovasquez.com\/wp-content\/uploads\/2020\/05\/illustration-musique-instrument-saxophone-trombone-fille-Le-Pueblo-1024x724.png?strip=info&#038;w=1200&#038;ssl=1 1200w,https:\/\/i2.wp.com\/www.pablovasquez.com\/wp-content\/uploads\/2020\/05\/illustration-musique-instrument-saxophone-trombone-fille-Le-Pueblo-1024x724.png?strip=info&#038;w=1414&#038;ssl=1 1414w\" alt=\"\" data-height=\"1000\" data-id=\"246\" data-link=\"https:\/\/www.pablovasquez.com\/index.php\/portfolios\/illustration-musique-instrument-saxophone-trombone-fille-le-pueblo\/\" data-url=\"https:\/\/www.pablovasquez.com\/wp-content\/uploads\/2020\/05\/illustration-musique-instrument-saxophone-trombone-fille-Le-Pueblo-1024x724.png\" data-width=\"1414\" src=\"https:\/\/i2.wp.com\/www.pablovasquez.com\/wp-content\/uploads\/2020\/05\/illustration-musique-instrument-saxophone-trombone-fille-Le-Pueblo-1024x724.png?ssl=1\" data-amp-layout=\"responsive\"\/><\/figure><figure class=\"tiled-gallery__item\"><img decoding=\"async\" srcset=\"https:\/\/i1.wp.com\/www.pablovasquez.com\/wp-content\/uploads\/2020\/05\/illustration-Elfes-etat-sauvage-LePueblo.web_.jpg?strip=info&#038;w=600&#038;ssl=1 600w,https:\/\/i1.wp.com\/www.pablovasquez.com\/wp-content\/uploads\/2020\/05\/illustration-Elfes-etat-sauvage-LePueblo.web_.jpg?strip=info&#038;w=694&#038;ssl=1 694w\" alt=\"\" data-height=\"900\" data-id=\"237\" data-link=\"https:\/\/www.pablovasquez.com\/index.php\/portfolios\/illustration-elfes-etat-sauvage-lepueblo-web\/\" data-url=\"https:\/\/www.pablovasquez.com\/wp-content\/uploads\/2020\/05\/illustration-Elfes-etat-sauvage-LePueblo.web_.jpg\" data-width=\"694\" src=\"https:\/\/i1.wp.com\/www.pablovasquez.com\/wp-content\/uploads\/2020\/05\/illustration-Elfes-etat-sauvage-LePueblo.web_.jpg?ssl=1\" data-amp-layout=\"responsive\"\/><\/figure><figure class=\"tiled-gallery__item\"><img decoding=\"async\" srcset=\"https:\/\/i0.wp.com\/www.pablovasquez.com\/wp-content\/uploads\/2020\/05\/illustration-livre-conte-monstres-amour-lecture-Le-Pueblo-724x1024.jpg?strip=info&#038;w=600&#038;ssl=1 600w,https:\/\/i0.wp.com\/www.pablovasquez.com\/wp-content\/uploads\/2020\/05\/illustration-livre-conte-monstres-amour-lecture-Le-Pueblo-724x1024.jpg?strip=info&#038;w=800&#038;ssl=1 800w\" alt=\"\" data-height=\"1132\" data-id=\"241\" data-link=\"https:\/\/www.pablovasquez.com\/index.php\/portfolios\/illustration-livre-conte-monstres-amour-lecture-le-pueblo\/\" data-url=\"https:\/\/www.pablovasquez.com\/wp-content\/uploads\/2020\/05\/illustration-livre-conte-monstres-amour-lecture-Le-Pueblo-724x1024.jpg\" data-width=\"800\" src=\"https:\/\/i0.wp.com\/www.pablovasquez.com\/wp-content\/uploads\/2020\/05\/illustration-livre-conte-monstres-amour-lecture-Le-Pueblo-724x1024.jpg?ssl=1\" data-amp-layout=\"responsive\"\/><\/figure><\/div><\/div><\/div><\/div>\n","protected":false},"excerpt":{"rendered":"<p>contes et r\u00eaves, mondes imaginaires et personnages fantastiques Amoureux des contes et des l\u00e9gendes, mon domaine de pr\u00e9dilection est celui du fantastique. Pour affronter la morosit\u00e9 du quotidien et l&rsquo;absurdit\u00e9 du monde, j&rsquo;aime cr\u00e9er des univers imaginaires, en essayant d&rsquo;utiliser chaque image comme une nouvelle occasion de conter une histoire. [&hellip;]<\/p>\n","protected":false},"author":1,"featured_media":0,"parent":0,"menu_order":0,"comment_status":"closed","ping_status":"closed","template":"","meta":{"_themeisle_gutenberg_block_has_review":false,"footnotes":""},"class_list":["post-7","page","type-page","status-publish","hentry"],"jetpack_sharing_enabled":true,"_links":{"self":[{"href":"https:\/\/www.pablovasquez.com\/index.php\/wp-json\/wp\/v2\/pages\/7","targetHints":{"allow":["GET"]}}],"collection":[{"href":"https:\/\/www.pablovasquez.com\/index.php\/wp-json\/wp\/v2\/pages"}],"about":[{"href":"https:\/\/www.pablovasquez.com\/index.php\/wp-json\/wp\/v2\/types\/page"}],"author":[{"embeddable":true,"href":"https:\/\/www.pablovasquez.com\/index.php\/wp-json\/wp\/v2\/users\/1"}],"replies":[{"embeddable":true,"href":"https:\/\/www.pablovasquez.com\/index.php\/wp-json\/wp\/v2\/comments?post=7"}],"version-history":[{"count":13,"href":"https:\/\/www.pablovasquez.com\/index.php\/wp-json\/wp\/v2\/pages\/7\/revisions"}],"predecessor-version":[{"id":713,"href":"https:\/\/www.pablovasquez.com\/index.php\/wp-json\/wp\/v2\/pages\/7\/revisions\/713"}],"wp:attachment":[{"href":"https:\/\/www.pablovasquez.com\/index.php\/wp-json\/wp\/v2\/media?parent=7"}],"curies":[{"name":"wp","href":"https:\/\/api.w.org\/{rel}","templated":true}]}}